{"id":1803,"date":"2021-05-31T16:12:00","date_gmt":"2021-05-31T16:12:00","guid":{"rendered":"https:\/\/lpalbania.com\/?page_id=1803"},"modified":"2021-09-21T13:53:40","modified_gmt":"2021-09-21T13:53:40","slug":"licenze-in-albania","status":"publish","type":"page","link":"https:\/\/lpalbania.com\/ita\/practice\/licenze-in-albania\/","title":{"rendered":"Licenze in Albania"},"content":{"rendered":"<div class=\"fusion-fullwidth fullwidth-box fusion-builder-row-1 fusion-flex-container nonhundred-percent-fullwidth non-hundred-percent-height-scrolling\" style=\"--awb-border-radius-top-left:0px;--awb-border-radius-top-right:0px;--awb-border-radius-bottom-right:0px;--awb-border-radius-bottom-left:0px;--awb-padding-right:0px;--awb-padding-left:0px;--awb-margin-top:150px;--awb-flex-wrap:wrap;\" ><div class=\"fusion-builder-row fusion-row fusion-flex-align-items-flex-start fusion-flex-content-wrap\" style=\"max-width:977.6px;margin-left: calc(-4% \/ 2 );margin-right: calc(-4% \/ 2 );\"><div class=\"fusion-layout-column fusion_builder_column fusion-builder-column-0 fusion_builder_column_2_3 2_3 fusion-flex-column fusion-animated\" style=\"--awb-bg-size:cover;--awb-width-large:66.666666666667%;--awb-margin-top-large:0px;--awb-spacing-right-large:2.88%;--awb-margin-bottom-large:20px;--awb-spacing-left-large:2.88%;--awb-width-medium:100%;--awb-spacing-right-medium:1.92%;--awb-spacing-left-medium:1.92%;--awb-width-small:100%;--awb-spacing-right-small:1.92%;--awb-spacing-left-small:1.92%;\" data-animationType=\"fadeInUp\" data-animationDuration=\"1.0\" data-animationOffset=\"top-into-view\"><div class=\"fusion-column-wrapper fusion-column-has-shadow fusion-flex-justify-content-flex-start fusion-content-layout-column\"><div class=\"fusion-text fusion-text-1\"><h2>Licenze in Albania<\/h2>\n<\/div><\/div><\/div><div class=\"fusion-layout-column fusion_builder_column fusion-builder-column-1 fusion_builder_column_2_3 2_3 fusion-flex-column fusion-animated\" style=\"--awb-bg-size:cover;--awb-width-large:66.666666666667%;--awb-margin-top-large:0px;--awb-spacing-right-large:2.88%;--awb-margin-bottom-large:20px;--awb-spacing-left-large:2.88%;--awb-width-medium:100%;--awb-spacing-right-medium:1.92%;--awb-spacing-left-medium:1.92%;--awb-width-small:100%;--awb-spacing-right-small:1.92%;--awb-spacing-left-small:1.92%;\" data-animationType=\"fadeInUp\" data-animationDuration=\"1.0\" data-animationOffset=\"top-into-view\"><div class=\"fusion-column-wrapper fusion-column-has-shadow fusion-flex-justify-content-flex-start fusion-content-layout-column\"><div class=\"fusion-text fusion-text-2\"><p>Il nostro team specializzato di avvocati specializzati in licenze combina esperienza sia in materia di licenze che di regolamentazione per garantire che tu abbia il supporto di cui hai bisogno. Offriamo una gamma completa di servizi legali di licenza garantendo che la tua attivit\u00e0 funzioni in modo legale e sicuro. In quanto premessa autorizzata, sei regolato non solo dall&#8217;Autorit\u00e0 per il rilascio delle licenze, ma anche da altre autorit\u00e0 in relazione a salute e sicurezza, pesi e misure, <span style=\"color: #0000ff;\"><a style=\"color: #0000ff;\" href=\"https:\/\/lpalbania.com\/ita\/practice\/alimentazione-e-agricoltura-in-albania\/\">sicurezza alimentare<\/a><\/span>, standard commerciali, discriminazione dei disabili e sicurezza delle porte.<br \/>\nLavorando in collaborazione con il nostro team di indagini normative, i nostri avvocati specializzati possono fornire consulenza su:<\/p>\n<ul>\n<li>domande di licenza per locali;<\/li>\n<li>applicazioni di variazione;<\/li>\n<li>variazioni del responsabile dei locali designati;<\/li>\n<li>domande di licenza personale;<\/li>\n<li>contestazioni e segnalazioni di eventi temporanei;<\/li>\n<li>prime domande e trasferimenti;<\/li>\n<li>ricorsi e procedimenti di violazione;<\/li>\n<li>commercio ambulante e licenze stradali;<\/li>\n<li>revisioni sommarie, richieste di passaggi intermedi e revisioni complete; e<\/li>\n<li>difendere gli ordini di chiusura.<\/li>\n<\/ul>\n<\/div><\/div><\/div><div class=\"fusion-layout-column fusion_builder_column fusion-builder-column-2 fusion_builder_column_1_3 1_3 fusion-flex-column fusion-animated\" style=\"--awb-bg-size:cover;--awb-width-large:33.333333333333%;--awb-margin-top-large:0px;--awb-spacing-right-large:5.76%;--awb-margin-bottom-large:20px;--awb-spacing-left-large:5.76%;--awb-width-medium:100%;--awb-spacing-right-medium:1.92%;--awb-spacing-left-medium:1.92%;--awb-width-small:100%;--awb-spacing-right-small:1.92%;--awb-spacing-left-small:1.92%;\" data-animationType=\"fadeInUp\" data-animationDuration=\"1.0\" data-animationOffset=\"top-into-view\"><div class=\"fusion-column-wrapper fusion-column-has-shadow fusion-flex-justify-content-flex-start fusion-content-layout-column\"><div class=\"fusion-image-element \" style=\"text-align:center;--awb-max-width:;--awb-caption-title-font-family:var(--h2_typography-font-family);--awb-caption-title-font-weight:var(--h2_typography-font-weight);--awb-caption-title-font-style:var(--h2_typography-font-style);--awb-caption-title-size:var(--h2_typography-font-size);--awb-caption-title-transform:var(--h2_typography-text-transform);--awb-caption-title-line-height:var(--h2_typography-line-height);--awb-caption-title-letter-spacing:var(--h2_typography-letter-spacing);\"><span class=\" fusion-imageframe imageframe-none imageframe-1 hover-type-none\"><img decoding=\"async\" width=\"300\" height=\"392\" alt=\"Licensing in Albania-LPA Law Firm Albania\" title=\"Licensing in Albania-LPA Law Firm Albania\" src=\"https:\/\/lpalbania.com\/ita\/wp-content\/uploads\/2021\/05\/2.jpg\" data-orig-src=\"https:\/\/lpalbania.com\/ita\/wp-content\/uploads\/2021\/05\/2.jpg\" class=\"lazyload img-responsive wp-image-1746\" srcset=\"data:image\/svg+xml,%3Csvg%20xmlns%3D%27http%3A%2F%2Fwww.w3.org%2F2000%2Fsvg%27%20width%3D%27300%27%20height%3D%27392%27%20viewBox%3D%270%200%20300%20392%27%3E%3Crect%20width%3D%27300%27%20height%3D%27392%27%20fill-opacity%3D%220%22%2F%3E%3C%2Fsvg%3E\" data-srcset=\"https:\/\/lpalbania.com\/ita\/wp-content\/uploads\/2021\/05\/2-200x261.jpg 200w, https:\/\/lpalbania.com\/ita\/wp-content\/uploads\/2021\/05\/2.jpg 300w\" data-sizes=\"auto\" data-orig-sizes=\"(max-width: 0px) 100vw, (max-width: 0px) 100vw, 300px\" \/><\/span><\/div><div class=\"fusion-image-element \" style=\"--awb-caption-title-font-family:var(--h2_typography-font-family);--awb-caption-title-font-weight:var(--h2_typography-font-weight);--awb-caption-title-font-style:var(--h2_typography-font-style);--awb-caption-title-size:var(--h2_typography-font-size);--awb-caption-title-transform:var(--h2_typography-text-transform);--awb-caption-title-line-height:var(--h2_typography-line-height);--awb-caption-title-letter-spacing:var(--h2_typography-letter-spacing);\"><span class=\" fusion-imageframe imageframe-none imageframe-2 hover-type-none\"><img decoding=\"async\" width=\"300\" height=\"61\" title=\"Awards LPA Law Firm Albania\" src=\"https:\/\/lpalbania.com\/ita\/wp-content\/uploads\/2021\/05\/0.jpg\" data-orig-src=\"https:\/\/lpalbania.com\/ita\/wp-content\/uploads\/2021\/05\/0.jpg\" alt class=\"lazyload img-responsive wp-image-1731\" srcset=\"data:image\/svg+xml,%3Csvg%20xmlns%3D%27http%3A%2F%2Fwww.w3.org%2F2000%2Fsvg%27%20width%3D%27300%27%20height%3D%2761%27%20viewBox%3D%270%200%20300%2061%27%3E%3Crect%20width%3D%27300%27%20height%3D%2761%27%20fill-opacity%3D%220%22%2F%3E%3C%2Fsvg%3E\" data-srcset=\"https:\/\/lpalbania.com\/ita\/wp-content\/uploads\/2021\/05\/0-200x41.jpg 200w, https:\/\/lpalbania.com\/ita\/wp-content\/uploads\/2021\/05\/0.jpg 300w\" data-sizes=\"auto\" data-orig-sizes=\"(max-width: 0px) 100vw, (max-width: 0px) 100vw, 300px\" \/><\/span><\/div><\/div><\/div><div class=\"fusion-layout-column fusion_builder_column fusion-builder-column-3 fusion_builder_column_1_1 1_1 fusion-flex-column fusion-animated\" style=\"--awb-bg-size:cover;--awb-width-large:100%;--awb-margin-top-large:0px;--awb-spacing-right-large:1.92%;--awb-margin-bottom-large:20px;--awb-spacing-left-large:1.92%;--awb-width-medium:100%;--awb-spacing-right-medium:1.92%;--awb-spacing-left-medium:1.92%;--awb-width-small:100%;--awb-spacing-right-small:1.92%;--awb-spacing-left-small:1.92%;\" data-animationType=\"fadeInUp\" data-animationDuration=\"1.0\" data-animationOffset=\"top-into-view\"><div class=\"fusion-column-wrapper fusion-column-has-shadow fusion-flex-justify-content-flex-start fusion-content-layout-column\"><div class=\"fusion-text fusion-text-3\"><p>In generale, si possono distinguere tre tipi di contratti di licenza:<\/p>\n<ul>\n<li>accordi di licenza esclusiva-conferisce al licenziatario tutti i diritti che sussistono nell&#8217;oggetto del contratto di licenza<\/li>\n<li>accordi di licenza esclusiva-conferisce esclusivit\u00e0 nel senso che il licenziante non conceder\u00e0 licenze a nessun&#8217;altra parte, ma manterr\u00e0 il diritto di utilizzare per s\u00e9 l&#8217;oggetto del contratto di licenza.<\/li>\n<li>accordi di licenza non esclusivi-non concede tutti i diritti che sussistono nell&#8217;oggetto del contratto di licenza a un particolare licenziatario; il licenziante pu\u00f2 concedere diritti a pi\u00f9 licenziatari.<\/li>\n<\/ul>\n<p>Le regole applicabili alle licenze esclusive o esclusive possono essere diverse dalle regole che si applicano alle licenze non esclusive. Ad esempio, a differenza di un licenziatario non esclusivo, un licenziatario esclusivo o unico di un brevetto ha diritto a citare in giudizio per violazione e pu\u00f2 concedere sub-licenze.<br \/>\nQualsiasi tipo di <span style=\"color: #0000ff;\"><a style=\"color: #0000ff;\" href=\"https:\/\/lpalbania.com\/ita\/practice\/proprieta-intellettuale-marchi-in-albania\/\">propriet\u00e0 intellettuale<\/a><\/span> che consenta al suo titolare di escludere altri dall&#8217;utilizzo della stessa, come brevetti, modelli di utilit\u00e0, diritti d&#8217;autore inclusi i diritti d&#8217;autore per software, design industriale, marchi, topografie di prodotti a semiconduttori, ecc., pu\u00f2 essere oggetto di una licenza accordo. Inoltre, anche i diritti della personalit\u00e0 e le informazioni riservate (know-how, segreti commerciali) possono essere oggetto di un contratto di licenza.<\/p>\n<\/div><\/div><\/div><\/div><\/div>\n","protected":false},"excerpt":{"rendered":"","protected":false},"author":1,"featured_media":0,"parent":14,"menu_order":0,"comment_status":"closed","ping_status":"closed","template":"","meta":{"footnotes":""},"class_list":["post-1803","page","type-page","status-publish","hentry"],"yoast_head":"<!-- This site is optimized with the Yoast SEO plugin v27.4 - https:\/\/yoast.com\/product\/yoast-seo-wordpress\/ -->\n<title>Licenze in Albania -Licence Agreements - LPA Law Firm in Albania<\/title>\n<meta name=\"description\" content=\"Offriamo una gamma completa di servizi legali di licenza garantendo che la tua attivit\u00e0 funzioni in modo legale e sicuro. I nostri avvoca...\" \/>\n<meta name=\"robots\" content=\"index, follow, max-snippet:-1, max-image-preview:large, max-video-preview:-1\" \/>\n<link rel=\"canonical\" href=\"https:\/\/lpalbania.com\/ita\/practice\/licenze-in-albania\/\" \/>\n<meta property=\"og:locale\" content=\"en_US\" \/>\n<meta property=\"og:type\" content=\"article\" \/>\n<meta property=\"og:title\" content=\"Licenze in Albania -Licence Agreements - LPA Law Firm in Albania\" \/>\n<meta property=\"og:description\" content=\"Offriamo una gamma completa di servizi legali di licenza garantendo che la tua attivit\u00e0 funzioni in modo legale e sicuro. I nostri avvoca...\" \/>\n<meta property=\"og:url\" content=\"https:\/\/lpalbania.com\/ita\/practice\/licenze-in-albania\/\" \/>\n<meta property=\"og:site_name\" content=\"LPA Law Firm in Albania\" \/>\n<meta property=\"article:publisher\" content=\"https:\/\/www.facebook.com\/LPALegal\" \/>\n<meta property=\"article:modified_time\" content=\"2021-09-21T13:53:40+00:00\" \/>\n<meta name=\"twitter:card\" content=\"summary_large_image\" \/>\n<meta name=\"twitter:site\" content=\"@LPA_Law_Firm\" \/>\n<meta name=\"twitter:label1\" content=\"Est. reading time\" \/>\n\t<meta name=\"twitter:data1\" content=\"5 minutes\" \/>\n<script type=\"application\/ld+json\" class=\"yoast-schema-graph\">{\"@context\":\"https:\\\/\\\/schema.org\",\"@graph\":[{\"@type\":\"WebPage\",\"@id\":\"https:\\\/\\\/lpalbania.com\\\/ita\\\/practice\\\/licenze-in-albania\\\/\",\"url\":\"https:\\\/\\\/lpalbania.com\\\/ita\\\/practice\\\/licenze-in-albania\\\/\",\"name\":\"Licenze in Albania -Licence Agreements - LPA Law Firm in Albania\",\"isPartOf\":{\"@id\":\"https:\\\/\\\/lpalbania.com\\\/ita\\\/#website\"},\"datePublished\":\"2021-05-31T16:12:00+00:00\",\"dateModified\":\"2021-09-21T13:53:40+00:00\",\"description\":\"Offriamo una gamma completa di servizi legali di licenza garantendo che la tua attivit\u00e0 funzioni in modo legale e sicuro. I nostri avvoca...\",\"breadcrumb\":{\"@id\":\"https:\\\/\\\/lpalbania.com\\\/ita\\\/practice\\\/licenze-in-albania\\\/#breadcrumb\"},\"inLanguage\":\"en-US\",\"potentialAction\":[{\"@type\":\"ReadAction\",\"target\":[\"https:\\\/\\\/lpalbania.com\\\/ita\\\/practice\\\/licenze-in-albania\\\/\"]}]},{\"@type\":\"BreadcrumbList\",\"@id\":\"https:\\\/\\\/lpalbania.com\\\/ita\\\/practice\\\/licenze-in-albania\\\/#breadcrumb\",\"itemListElement\":[{\"@type\":\"ListItem\",\"position\":1,\"name\":\"Home\",\"item\":\"https:\\\/\\\/lpalbania.com\\\/ita\\\/\"},{\"@type\":\"ListItem\",\"position\":2,\"name\":\"Practice\",\"item\":\"https:\\\/\\\/lpalbania.com\\\/ita\\\/practice\\\/\"},{\"@type\":\"ListItem\",\"position\":3,\"name\":\"Licenze in Albania\"}]},{\"@type\":\"WebSite\",\"@id\":\"https:\\\/\\\/lpalbania.com\\\/ita\\\/#website\",\"url\":\"https:\\\/\\\/lpalbania.com\\\/ita\\\/\",\"name\":\"LPA Law Firm in Albania\",\"description\":\"Company Formation Albania, Debt Collection Albania, Intellectual Property Albania\",\"publisher\":{\"@id\":\"https:\\\/\\\/lpalbania.com\\\/ita\\\/#organization\"},\"potentialAction\":[{\"@type\":\"SearchAction\",\"target\":{\"@type\":\"EntryPoint\",\"urlTemplate\":\"https:\\\/\\\/lpalbania.com\\\/ita\\\/?s={search_term_string}\"},\"query-input\":{\"@type\":\"PropertyValueSpecification\",\"valueRequired\":true,\"valueName\":\"search_term_string\"}}],\"inLanguage\":\"en-US\"},{\"@type\":\"Organization\",\"@id\":\"https:\\\/\\\/lpalbania.com\\\/ita\\\/#organization\",\"name\":\"LPA Law Firm in Albania\",\"url\":\"https:\\\/\\\/lpalbania.com\\\/ita\\\/\",\"logo\":{\"@type\":\"ImageObject\",\"inLanguage\":\"en-US\",\"@id\":\"https:\\\/\\\/lpalbania.com\\\/ita\\\/#\\\/schema\\\/logo\\\/image\\\/\",\"url\":\"https:\\\/\\\/lpalbania.com\\\/ita\\\/wp-content\\\/uploads\\\/2020\\\/10\\\/favicon-167.png\",\"contentUrl\":\"https:\\\/\\\/lpalbania.com\\\/ita\\\/wp-content\\\/uploads\\\/2020\\\/10\\\/favicon-167.png\",\"width\":167,\"height\":167,\"caption\":\"LPA Law Firm in Albania\"},\"image\":{\"@id\":\"https:\\\/\\\/lpalbania.com\\\/ita\\\/#\\\/schema\\\/logo\\\/image\\\/\"},\"sameAs\":[\"https:\\\/\\\/www.facebook.com\\\/LPALegal\",\"https:\\\/\\\/x.com\\\/LPA_Law_Firm\",\"https:\\\/\\\/www.instagram.com\\\/lpalegal\\\/?hl=en\",\"https:\\\/\\\/www.linkedin.com\\\/in\\\/oltjan-hoxholli-86a14b31\\\/\"]}]}<\/script>\n<!-- \/ Yoast SEO plugin. -->","yoast_head_json":{"title":"Licenze in Albania -Licence Agreements - LPA Law Firm in Albania","description":"Offriamo una gamma completa di servizi legali di licenza garantendo che la tua attivit\u00e0 funzioni in modo legale e sicuro. I nostri avvoca...","robots":{"index":"index","follow":"follow","max-snippet":"max-snippet:-1","max-image-preview":"max-image-preview:large","max-video-preview":"max-video-preview:-1"},"canonical":"https:\/\/lpalbania.com\/ita\/practice\/licenze-in-albania\/","og_locale":"en_US","og_type":"article","og_title":"Licenze in Albania -Licence Agreements - LPA Law Firm in Albania","og_description":"Offriamo una gamma completa di servizi legali di licenza garantendo che la tua attivit\u00e0 funzioni in modo legale e sicuro. I nostri avvoca...","og_url":"https:\/\/lpalbania.com\/ita\/practice\/licenze-in-albania\/","og_site_name":"LPA Law Firm in Albania","article_publisher":"https:\/\/www.facebook.com\/LPALegal","article_modified_time":"2021-09-21T13:53:40+00:00","twitter_card":"summary_large_image","twitter_site":"@LPA_Law_Firm","twitter_misc":{"Est. reading time":"5 minutes"},"schema":{"@context":"https:\/\/schema.org","@graph":[{"@type":"WebPage","@id":"https:\/\/lpalbania.com\/ita\/practice\/licenze-in-albania\/","url":"https:\/\/lpalbania.com\/ita\/practice\/licenze-in-albania\/","name":"Licenze in Albania -Licence Agreements - LPA Law Firm in Albania","isPartOf":{"@id":"https:\/\/lpalbania.com\/ita\/#website"},"datePublished":"2021-05-31T16:12:00+00:00","dateModified":"2021-09-21T13:53:40+00:00","description":"Offriamo una gamma completa di servizi legali di licenza garantendo che la tua attivit\u00e0 funzioni in modo legale e sicuro. I nostri avvoca...","breadcrumb":{"@id":"https:\/\/lpalbania.com\/ita\/practice\/licenze-in-albania\/#breadcrumb"},"inLanguage":"en-US","potentialAction":[{"@type":"ReadAction","target":["https:\/\/lpalbania.com\/ita\/practice\/licenze-in-albania\/"]}]},{"@type":"BreadcrumbList","@id":"https:\/\/lpalbania.com\/ita\/practice\/licenze-in-albania\/#breadcrumb","itemListElement":[{"@type":"ListItem","position":1,"name":"Home","item":"https:\/\/lpalbania.com\/ita\/"},{"@type":"ListItem","position":2,"name":"Practice","item":"https:\/\/lpalbania.com\/ita\/practice\/"},{"@type":"ListItem","position":3,"name":"Licenze in Albania"}]},{"@type":"WebSite","@id":"https:\/\/lpalbania.com\/ita\/#website","url":"https:\/\/lpalbania.com\/ita\/","name":"LPA Law Firm in Albania","description":"Company Formation Albania, Debt Collection Albania, Intellectual Property Albania","publisher":{"@id":"https:\/\/lpalbania.com\/ita\/#organization"},"potentialAction":[{"@type":"SearchAction","target":{"@type":"EntryPoint","urlTemplate":"https:\/\/lpalbania.com\/ita\/?s={search_term_string}"},"query-input":{"@type":"PropertyValueSpecification","valueRequired":true,"valueName":"search_term_string"}}],"inLanguage":"en-US"},{"@type":"Organization","@id":"https:\/\/lpalbania.com\/ita\/#organization","name":"LPA Law Firm in Albania","url":"https:\/\/lpalbania.com\/ita\/","logo":{"@type":"ImageObject","inLanguage":"en-US","@id":"https:\/\/lpalbania.com\/ita\/#\/schema\/logo\/image\/","url":"https:\/\/lpalbania.com\/ita\/wp-content\/uploads\/2020\/10\/favicon-167.png","contentUrl":"https:\/\/lpalbania.com\/ita\/wp-content\/uploads\/2020\/10\/favicon-167.png","width":167,"height":167,"caption":"LPA Law Firm in Albania"},"image":{"@id":"https:\/\/lpalbania.com\/ita\/#\/schema\/logo\/image\/"},"sameAs":["https:\/\/www.facebook.com\/LPALegal","https:\/\/x.com\/LPA_Law_Firm","https:\/\/www.instagram.com\/lpalegal\/?hl=en","https:\/\/www.linkedin.com\/in\/oltjan-hoxholli-86a14b31\/"]}]}},"_links":{"self":[{"href":"https:\/\/lpalbania.com\/ita\/wp-json\/wp\/v2\/pages\/1803","targetHints":{"allow":["GET"]}}],"collection":[{"href":"https:\/\/lpalbania.com\/ita\/wp-json\/wp\/v2\/pages"}],"about":[{"href":"https:\/\/lpalbania.com\/ita\/wp-json\/wp\/v2\/types\/page"}],"author":[{"embeddable":true,"href":"https:\/\/lpalbania.com\/ita\/wp-json\/wp\/v2\/users\/1"}],"replies":[{"embeddable":true,"href":"https:\/\/lpalbania.com\/ita\/wp-json\/wp\/v2\/comments?post=1803"}],"version-history":[{"count":15,"href":"https:\/\/lpalbania.com\/ita\/wp-json\/wp\/v2\/pages\/1803\/revisions"}],"predecessor-version":[{"id":2845,"href":"https:\/\/lpalbania.com\/ita\/wp-json\/wp\/v2\/pages\/1803\/revisions\/2845"}],"up":[{"embeddable":true,"href":"https:\/\/lpalbania.com\/ita\/wp-json\/wp\/v2\/pages\/14"}],"wp:attachment":[{"href":"https:\/\/lpalbania.com\/ita\/wp-json\/wp\/v2\/media?parent=1803"}],"curies":[{"name":"wp","href":"https:\/\/api.w.org\/{rel}","templated":true}]}}