{"id":20,"date":"2020-03-11T09:00:30","date_gmt":"2020-03-11T09:00:30","guid":{"rendered":"https:\/\/lpalbania.com\/?page_id=20"},"modified":"2021-12-28T08:08:11","modified_gmt":"2021-12-28T08:08:11","slug":"costituzione-societa-in-albania","status":"publish","type":"page","link":"https:\/\/lpalbania.com\/ita\/practice\/costituzione-societa-in-albania\/","title":{"rendered":"Costituzione Societ\u00e0 in Albania"},"content":{"rendered":"<p><div class=\"fusion-fullwidth fullwidth-box fusion-builder-row-1 fusion-flex-container nonhundred-percent-fullwidth non-hundred-percent-height-scrolling\" style=\"--awb-border-radius-top-left:0px;--awb-border-radius-top-right:0px;--awb-border-radius-bottom-right:0px;--awb-border-radius-bottom-left:0px;--awb-padding-right:0px;--awb-padding-left:0px;--awb-margin-top:150px;--awb-flex-wrap:wrap;\" ><div class=\"fusion-builder-row fusion-row fusion-flex-align-items-flex-start fusion-flex-content-wrap\" style=\"max-width:977.6px;margin-left: calc(-4% \/ 2 );margin-right: calc(-4% \/ 2 );\"><div class=\"fusion-layout-column fusion_builder_column fusion-builder-column-0 fusion_builder_column_2_3 2_3 fusion-flex-column fusion-animated\" style=\"--awb-bg-size:cover;--awb-width-large:66.666666666667%;--awb-margin-top-large:0px;--awb-spacing-right-large:2.88%;--awb-margin-bottom-large:20px;--awb-spacing-left-large:2.88%;--awb-width-medium:100%;--awb-spacing-right-medium:1.92%;--awb-spacing-left-medium:1.92%;--awb-width-small:100%;--awb-spacing-right-small:1.92%;--awb-spacing-left-small:1.92%;\" data-animationType=\"fadeInUp\" data-animationDuration=\"1.0\" data-animationOffset=\"top-into-view\"><div class=\"fusion-column-wrapper fusion-column-has-shadow fusion-flex-justify-content-flex-start fusion-content-layout-column\"><div class=\"fusion-text fusion-text-1\"><h2>Costituzione Societ\u00e0\u00a0 in Albania<\/h2>\n<\/div><\/div><\/div><div class=\"fusion-layout-column fusion_builder_column fusion-builder-column-1 fusion_builder_column_2_3 2_3 fusion-flex-column fusion-animated\" style=\"--awb-bg-size:cover;--awb-width-large:66.666666666667%;--awb-margin-top-large:0px;--awb-spacing-right-large:2.88%;--awb-margin-bottom-large:20px;--awb-spacing-left-large:2.88%;--awb-width-medium:100%;--awb-spacing-right-medium:1.92%;--awb-spacing-left-medium:1.92%;--awb-width-small:100%;--awb-spacing-right-small:1.92%;--awb-spacing-left-small:1.92%;\" data-animationType=\"fadeInUp\" data-animationDuration=\"1.0\" data-animationOffset=\"top-into-view\"><div class=\"fusion-column-wrapper fusion-column-has-shadow fusion-flex-justify-content-flex-start fusion-content-layout-column\"><div class=\"fusion-text fusion-text-2\"><p>I servizi legali LPA in Albania, con sede a Tirana, hanno un team di personale multilingue che \u00e8 in grado di assisterti su come<strong> creare una societ\u00e0 in Albania<\/strong>, cosa sapere sulla registrazione di un&#8217;impresa in Albania e altre strutture menzionate di seguito.<\/p>\n<p><strong>Strutture fornite dal personale LPA<\/strong><\/p>\n<ul>\n<li>Costituzione societ\u00e0 in Albania<\/li>\n<li>Conti bancari in Albania<\/li>\n<li>Alloggi per uffici in Albania<\/li>\n<li>Servizi di contabilit\u00e0 in Albania<\/li>\n<li>Consulenza in materia fiscale, lavorativa e finanziaria<\/li>\n<li>Aprire una LLC in Albania<\/li>\n<\/ul>\n<p>Allo stesso modo, la nostra vasta esperienza e la vasta base di clienti internazionali assicurano che comprendiamo le esigenze della creazione di una societ\u00e0 in Albania. Ci\u00f2 significa che faremo tutto ci\u00f2 che quando verrai in Albania tutti i tuoi incontri saranno organizzati in una sequenza logica . Il nostro staff ti accompagner\u00e0 a ciascuno di questi incontri in modo che tu capisca chiaramente le procedure e non perdi tempo. Quindi, la maggior parte degli incontri pu\u00f2 essere organizzata per te in un giorno in modo che tu abbia solo bisogno di 24 ore per incontrare la banca, il notaio, il commercialista e l&#8217;avvocato per la tua nuova societ\u00e0, filiale, filiale o fiduciaria in Albania.<\/p>\n<\/div><\/div><\/div><div class=\"fusion-layout-column fusion_builder_column fusion-builder-column-2 fusion_builder_column_1_3 1_3 fusion-flex-column fusion-animated\" style=\"--awb-bg-size:cover;--awb-width-large:33.333333333333%;--awb-margin-top-large:0px;--awb-spacing-right-large:5.76%;--awb-margin-bottom-large:20px;--awb-spacing-left-large:5.76%;--awb-width-medium:100%;--awb-spacing-right-medium:1.92%;--awb-spacing-left-medium:1.92%;--awb-width-small:100%;--awb-spacing-right-small:1.92%;--awb-spacing-left-small:1.92%;\" data-animationType=\"fadeInUp\" data-animationDuration=\"1.0\" data-animationOffset=\"top-into-view\"><div class=\"fusion-column-wrapper fusion-column-has-shadow fusion-flex-justify-content-flex-start fusion-content-layout-column\"><div class=\"fusion-image-element \" style=\"--awb-max-width:;--awb-caption-title-font-family:var(--h2_typography-font-family);--awb-caption-title-font-weight:var(--h2_typography-font-weight);--awb-caption-title-font-style:var(--h2_typography-font-style);--awb-caption-title-size:var(--h2_typography-font-size);--awb-caption-title-transform:var(--h2_typography-text-transform);--awb-caption-title-line-height:var(--h2_typography-line-height);--awb-caption-title-letter-spacing:var(--h2_typography-letter-spacing);\"><span class=\" fusion-imageframe imageframe-none imageframe-1 hover-type-none\"><img decoding=\"async\" width=\"300\" height=\"392\" alt=\"Company formation in Albania\" title=\"Company Formation Albania\" src=\"https:\/\/lpalbania.com\/ita\/wp-content\/uploads\/2021\/05\/15.jpg\" data-orig-src=\"https:\/\/lpalbania.com\/ita\/wp-content\/uploads\/2021\/05\/15.jpg\" class=\"lazyload img-responsive wp-image-1772\" srcset=\"data:image\/svg+xml,%3Csvg%20xmlns%3D%27http%3A%2F%2Fwww.w3.org%2F2000%2Fsvg%27%20width%3D%27300%27%20height%3D%27392%27%20viewBox%3D%270%200%20300%20392%27%3E%3Crect%20width%3D%27300%27%20height%3D%27392%27%20fill-opacity%3D%220%22%2F%3E%3C%2Fsvg%3E\" data-srcset=\"https:\/\/lpalbania.com\/ita\/wp-content\/uploads\/2021\/05\/15-200x261.jpg 200w, https:\/\/lpalbania.com\/ita\/wp-content\/uploads\/2021\/05\/15.jpg 300w\" data-sizes=\"auto\" data-orig-sizes=\"(max-width: 0px) 100vw, (max-width: 0px) 100vw, 300px\" \/><\/span><\/div><div class=\"fusion-image-element \" style=\"--awb-caption-title-font-family:var(--h2_typography-font-family);--awb-caption-title-font-weight:var(--h2_typography-font-weight);--awb-caption-title-font-style:var(--h2_typography-font-style);--awb-caption-title-size:var(--h2_typography-font-size);--awb-caption-title-transform:var(--h2_typography-text-transform);--awb-caption-title-line-height:var(--h2_typography-line-height);--awb-caption-title-letter-spacing:var(--h2_typography-letter-spacing);\"><span class=\" fusion-imageframe imageframe-none imageframe-2 hover-type-none\"><img decoding=\"async\" width=\"300\" height=\"61\" title=\"Awards LPA Law Firm Albania\" src=\"https:\/\/lpalbania.com\/ita\/wp-content\/uploads\/2021\/05\/0.jpg\" data-orig-src=\"https:\/\/lpalbania.com\/ita\/wp-content\/uploads\/2021\/05\/0.jpg\" alt class=\"lazyload img-responsive wp-image-1731\" srcset=\"data:image\/svg+xml,%3Csvg%20xmlns%3D%27http%3A%2F%2Fwww.w3.org%2F2000%2Fsvg%27%20width%3D%27300%27%20height%3D%2761%27%20viewBox%3D%270%200%20300%2061%27%3E%3Crect%20width%3D%27300%27%20height%3D%2761%27%20fill-opacity%3D%220%22%2F%3E%3C%2Fsvg%3E\" data-srcset=\"https:\/\/lpalbania.com\/ita\/wp-content\/uploads\/2021\/05\/0-200x41.jpg 200w, https:\/\/lpalbania.com\/ita\/wp-content\/uploads\/2021\/05\/0.jpg 300w\" data-sizes=\"auto\" data-orig-sizes=\"(max-width: 0px) 100vw, (max-width: 0px) 100vw, 300px\" \/><\/span><\/div><\/div><\/div><\/div><\/div><div class=\"fusion-fullwidth fullwidth-box fusion-builder-row-2 fusion-flex-container nonhundred-percent-fullwidth non-hundred-percent-height-scrolling\" style=\"--awb-border-radius-top-left:0px;--awb-border-radius-top-right:0px;--awb-border-radius-bottom-right:0px;--awb-border-radius-bottom-left:0px;--awb-padding-right:0px;--awb-padding-left:0px;--awb-flex-wrap:wrap;\" ><div class=\"fusion-builder-row fusion-row fusion-flex-align-items-flex-start fusion-flex-content-wrap\" style=\"max-width:977.6px;margin-left: calc(-4% \/ 2 );margin-right: calc(-4% \/ 2 );\"><div class=\"fusion-layout-column fusion_builder_column fusion-builder-column-3 fusion_builder_column_1_1 1_1 fusion-flex-column fusion-animated\" style=\"--awb-bg-size:cover;--awb-width-large:100%;--awb-margin-top-large:0px;--awb-spacing-right-large:1.92%;--awb-margin-bottom-large:20px;--awb-spacing-left-large:1.92%;--awb-width-medium:100%;--awb-order-medium:0;--awb-spacing-right-medium:1.92%;--awb-spacing-left-medium:1.92%;--awb-width-small:100%;--awb-order-small:0;--awb-spacing-right-small:1.92%;--awb-spacing-left-small:1.92%;\" data-animationType=\"fadeInUp\" data-animationDuration=\"1.0\" data-animationOffset=\"top-into-view\"><div class=\"fusion-column-wrapper fusion-column-has-shadow fusion-flex-justify-content-flex-start fusion-content-layout-column\"><div class=\"fusion-text fusion-text-3\" style=\"--awb-content-alignment:left;\"><p><strong>Passi principali per Costituzione di societ\u00e0 in Albania<\/strong><\/p>\n<ul>\n<li>Servizi di costituzione e registrazione di societ\u00e0 in Albania<\/li>\n<li>Servizi di contabilit\u00e0 inclusi: buste paga, contabilit\u00e0, IVA e servizi di rimborso IVA<\/li>\n<li>Introduzioni di corporate banking in Albania<\/li>\n<li>Consulenza legale in Albania<\/li>\n<li>Consulenza <span style=\"color: #0000ff;\"><a style=\"color: #0000ff;\" href=\"https:\/\/lpalbania.com\/ita\/practice\/tax-in-albania\/\">fiscale<\/a><\/span> in Albania<\/li>\n<li>Servizi di avvio di attivit\u00e0 in Albania<\/li>\n<li>Servizi <a href=\"https:\/\/lpalbania.com\/ita\/practice\/privacy-and-data-protection\/\"><span style=\"color: #0000ff;\">fiduciar<\/span>i<\/a> in Albania<\/li>\n<\/ul>\n<p>Lo studio legale LPA Albania ha una notevole portata internazionale attraverso la nostra rete regionale di uffici partner, una vasta esperienza nella gestione di progetti e relazioni di lunga data con studi legali corrispondenti. Operiamo in modo convincente nei principali mercati commerciali, con un team di oltre 27 avvocati aziendali sul campo in Albania, Kosovo, Montenegro, Macedonia, Slovenia, Croazia, Bosnia-Erzegovina e Turchia. Il personale di LPA ha anche una solida reputazione e una comprovata esperienza su complesse transazioni transfrontaliere, in particolare quelle che coinvolgono mercati nuovi ed emergenti.<\/p>\n<p>Soprattutto, forniamo consulenza a un&#8217;ampia gamma di clienti, tra cui grandi multinazionali, entit\u00e0 di propriet\u00e0 sovrana, imprese a conduzione familiare e imprenditori. I nostri mandati sono principalmente quelli di rappresentare gli interessi della societ\u00e0 e dei suoi amministratori e il nostro team \u00e8 guidato dall&#8217;azienda piuttosto che dall&#8217;istituzione, il che significa che cercheremo sempre i migliori interessi dei nostri clienti indipendentemente da chi \u00e8 coinvolto nelle discussioni. La pratica fiscale lavora con le nostre pratiche aziendali e finanziarie fornendo consulenza su tutti gli aspetti della tassazione commerciale in un&#8217;ampia gamma di settori. Oltre ad aiutare i nostri clienti a destreggiarsi tra le complessit\u00e0 della legislazione fiscale e le relative implicazioni. Forniamo inoltre indicazioni sull&#8217;efficienza fiscale e forniamo ai team fiscali interni il vantaggio di un secondo parere su questioni fiscali non regolari.<\/p>\n<p>La costituzione di societ\u00e0 in Albania \u00e8 prevista dalla <strong>legge nr. 9901<\/strong>, del 14 aprile 2008 \u201c<strong>Per gli imprenditori e le societ\u00e0<\/strong>\u201d. L&#8217;Albania non limita la propriet\u00e0 straniera delle aziende e il rimpatrio dei profitti.<\/p>\n<p><span style=\"color: #ff0000;\">Best Law Firm of the Year\u00a0 Albania 2021\u00a0<\/span>\u2013\u00a0<a href=\"https:\/\/www.acquisition-international.com\/awards\/ma-awards\/\">M&amp;A Global Awards 2021<\/a><\/p>\n<p>ALBANIA COSTITUZIONE SOCIETA &#8216;, REGISTRAZIONE SOCIET\u00c0 ALBANIA, SRL IN ALBANIA, M&amp;A ALBANIA, APRIRE SOCIET\u00c0 IN ALBANIA, REGISTRAZIONE SOCIETA&#8217; ALBANIA,SERVIZI DI COSTITUZIONE E REGISTRAZIONE DI SOCIETA &#8216;IN ALBANIA, INTRODUZIONI BANCHE AZIENDALI IN ALBANIA, CONSULENZA LEGALE ALBANIA, CONSULENZA FISCALE ALBANIA, SERVIZIO START UP AZIENDALE ALBANIA.<\/p>\n<\/div><\/div><\/div><\/div><\/div><\/p>\n","protected":false},"excerpt":{"rendered":"","protected":false},"author":1,"featured_media":0,"parent":14,"menu_order":0,"comment_status":"closed","ping_status":"closed","template":"100-width.php","meta":{"footnotes":""},"class_list":["post-20","page","type-page","status-publish","hentry"],"yoast_head":"<!-- This site is optimized with the Yoast SEO plugin v27.4 - https:\/\/yoast.com\/product\/yoast-seo-wordpress\/ -->\n<title>Costituzione Societ\u00e0 in Albania |Registrare |Aprire una Srl -LPA Legal<\/title>\n<meta name=\"description\" content=\"Il team legale di LPA pu\u00f2 aiutarti su come costituzione una societ\u00e0 in Albania, cosa sapere sulla registrazione di un&#039;impresa in Albania...\" \/>\n<meta name=\"robots\" content=\"index, follow, max-snippet:-1, max-image-preview:large, max-video-preview:-1\" \/>\n<link rel=\"canonical\" href=\"https:\/\/lpalbania.com\/ita\/practice\/costituzione-societa-in-albania\/\" \/>\n<meta property=\"og:locale\" content=\"en_US\" \/>\n<meta property=\"og:type\" content=\"article\" \/>\n<meta property=\"og:title\" content=\"Costituzione Societ\u00e0 in Albania |Registrare |Aprire una Srl -LPA Legal\" \/>\n<meta property=\"og:description\" content=\"Il team legale di LPA pu\u00f2 aiutarti su come costituzione una societ\u00e0 in Albania, cosa sapere sulla registrazione di un&#039;impresa in Albania...\" \/>\n<meta property=\"og:url\" content=\"https:\/\/lpalbania.com\/ita\/practice\/costituzione-societa-in-albania\/\" \/>\n<meta property=\"og:site_name\" content=\"LPA Law Firm in Albania\" \/>\n<meta property=\"article:publisher\" content=\"https:\/\/www.facebook.com\/LPALegal\" \/>\n<meta property=\"article:modified_time\" content=\"2021-12-28T08:08:11+00:00\" \/>\n<meta name=\"twitter:card\" content=\"summary_large_image\" \/>\n<meta name=\"twitter:site\" content=\"@LPA_Law_Firm\" \/>\n<meta name=\"twitter:label1\" content=\"Est. reading time\" \/>\n\t<meta name=\"twitter:data1\" content=\"6 minutes\" \/>\n<script type=\"application\/ld+json\" class=\"yoast-schema-graph\">{\"@context\":\"https:\\\/\\\/schema.org\",\"@graph\":[{\"@type\":\"WebPage\",\"@id\":\"https:\\\/\\\/lpalbania.com\\\/ita\\\/practice\\\/costituzione-societa-in-albania\\\/\",\"url\":\"https:\\\/\\\/lpalbania.com\\\/ita\\\/practice\\\/costituzione-societa-in-albania\\\/\",\"name\":\"Costituzione Societ\u00e0 in Albania |Registrare |Aprire una Srl -LPA Legal\",\"isPartOf\":{\"@id\":\"https:\\\/\\\/lpalbania.com\\\/ita\\\/#website\"},\"datePublished\":\"2020-03-11T09:00:30+00:00\",\"dateModified\":\"2021-12-28T08:08:11+00:00\",\"description\":\"Il team legale di LPA pu\u00f2 aiutarti su come costituzione una societ\u00e0 in Albania, cosa sapere sulla registrazione di un'impresa in Albania...\",\"breadcrumb\":{\"@id\":\"https:\\\/\\\/lpalbania.com\\\/ita\\\/practice\\\/costituzione-societa-in-albania\\\/#breadcrumb\"},\"inLanguage\":\"en-US\",\"potentialAction\":[{\"@type\":\"ReadAction\",\"target\":[\"https:\\\/\\\/lpalbania.com\\\/ita\\\/practice\\\/costituzione-societa-in-albania\\\/\"]}]},{\"@type\":\"BreadcrumbList\",\"@id\":\"https:\\\/\\\/lpalbania.com\\\/ita\\\/practice\\\/costituzione-societa-in-albania\\\/#breadcrumb\",\"itemListElement\":[{\"@type\":\"ListItem\",\"position\":1,\"name\":\"Home\",\"item\":\"https:\\\/\\\/lpalbania.com\\\/ita\\\/\"},{\"@type\":\"ListItem\",\"position\":2,\"name\":\"Practice\",\"item\":\"https:\\\/\\\/lpalbania.com\\\/ita\\\/practice\\\/\"},{\"@type\":\"ListItem\",\"position\":3,\"name\":\"Costituzione Societ\u00e0 in Albania\"}]},{\"@type\":\"WebSite\",\"@id\":\"https:\\\/\\\/lpalbania.com\\\/ita\\\/#website\",\"url\":\"https:\\\/\\\/lpalbania.com\\\/ita\\\/\",\"name\":\"LPA Law Firm in Albania\",\"description\":\"Company Formation Albania, Debt Collection Albania, Intellectual Property Albania\",\"publisher\":{\"@id\":\"https:\\\/\\\/lpalbania.com\\\/ita\\\/#organization\"},\"potentialAction\":[{\"@type\":\"SearchAction\",\"target\":{\"@type\":\"EntryPoint\",\"urlTemplate\":\"https:\\\/\\\/lpalbania.com\\\/ita\\\/?s={search_term_string}\"},\"query-input\":{\"@type\":\"PropertyValueSpecification\",\"valueRequired\":true,\"valueName\":\"search_term_string\"}}],\"inLanguage\":\"en-US\"},{\"@type\":\"Organization\",\"@id\":\"https:\\\/\\\/lpalbania.com\\\/ita\\\/#organization\",\"name\":\"LPA Law Firm in Albania\",\"url\":\"https:\\\/\\\/lpalbania.com\\\/ita\\\/\",\"logo\":{\"@type\":\"ImageObject\",\"inLanguage\":\"en-US\",\"@id\":\"https:\\\/\\\/lpalbania.com\\\/ita\\\/#\\\/schema\\\/logo\\\/image\\\/\",\"url\":\"https:\\\/\\\/lpalbania.com\\\/ita\\\/wp-content\\\/uploads\\\/2020\\\/10\\\/favicon-167.png\",\"contentUrl\":\"https:\\\/\\\/lpalbania.com\\\/ita\\\/wp-content\\\/uploads\\\/2020\\\/10\\\/favicon-167.png\",\"width\":167,\"height\":167,\"caption\":\"LPA Law Firm in Albania\"},\"image\":{\"@id\":\"https:\\\/\\\/lpalbania.com\\\/ita\\\/#\\\/schema\\\/logo\\\/image\\\/\"},\"sameAs\":[\"https:\\\/\\\/www.facebook.com\\\/LPALegal\",\"https:\\\/\\\/x.com\\\/LPA_Law_Firm\",\"https:\\\/\\\/www.instagram.com\\\/lpalegal\\\/?hl=en\",\"https:\\\/\\\/www.linkedin.com\\\/in\\\/oltjan-hoxholli-86a14b31\\\/\"]}]}<\/script>\n<!-- \/ Yoast SEO plugin. -->","yoast_head_json":{"title":"Costituzione Societ\u00e0 in Albania |Registrare |Aprire una Srl -LPA Legal","description":"Il team legale di LPA pu\u00f2 aiutarti su come costituzione una societ\u00e0 in Albania, cosa sapere sulla registrazione di un'impresa in Albania...","robots":{"index":"index","follow":"follow","max-snippet":"max-snippet:-1","max-image-preview":"max-image-preview:large","max-video-preview":"max-video-preview:-1"},"canonical":"https:\/\/lpalbania.com\/ita\/practice\/costituzione-societa-in-albania\/","og_locale":"en_US","og_type":"article","og_title":"Costituzione Societ\u00e0 in Albania |Registrare |Aprire una Srl -LPA Legal","og_description":"Il team legale di LPA pu\u00f2 aiutarti su come costituzione una societ\u00e0 in Albania, cosa sapere sulla registrazione di un'impresa in Albania...","og_url":"https:\/\/lpalbania.com\/ita\/practice\/costituzione-societa-in-albania\/","og_site_name":"LPA Law Firm in Albania","article_publisher":"https:\/\/www.facebook.com\/LPALegal","article_modified_time":"2021-12-28T08:08:11+00:00","twitter_card":"summary_large_image","twitter_site":"@LPA_Law_Firm","twitter_misc":{"Est. reading time":"6 minutes"},"schema":{"@context":"https:\/\/schema.org","@graph":[{"@type":"WebPage","@id":"https:\/\/lpalbania.com\/ita\/practice\/costituzione-societa-in-albania\/","url":"https:\/\/lpalbania.com\/ita\/practice\/costituzione-societa-in-albania\/","name":"Costituzione Societ\u00e0 in Albania |Registrare |Aprire una Srl -LPA Legal","isPartOf":{"@id":"https:\/\/lpalbania.com\/ita\/#website"},"datePublished":"2020-03-11T09:00:30+00:00","dateModified":"2021-12-28T08:08:11+00:00","description":"Il team legale di LPA pu\u00f2 aiutarti su come costituzione una societ\u00e0 in Albania, cosa sapere sulla registrazione di un'impresa in Albania...","breadcrumb":{"@id":"https:\/\/lpalbania.com\/ita\/practice\/costituzione-societa-in-albania\/#breadcrumb"},"inLanguage":"en-US","potentialAction":[{"@type":"ReadAction","target":["https:\/\/lpalbania.com\/ita\/practice\/costituzione-societa-in-albania\/"]}]},{"@type":"BreadcrumbList","@id":"https:\/\/lpalbania.com\/ita\/practice\/costituzione-societa-in-albania\/#breadcrumb","itemListElement":[{"@type":"ListItem","position":1,"name":"Home","item":"https:\/\/lpalbania.com\/ita\/"},{"@type":"ListItem","position":2,"name":"Practice","item":"https:\/\/lpalbania.com\/ita\/practice\/"},{"@type":"ListItem","position":3,"name":"Costituzione Societ\u00e0 in Albania"}]},{"@type":"WebSite","@id":"https:\/\/lpalbania.com\/ita\/#website","url":"https:\/\/lpalbania.com\/ita\/","name":"LPA Law Firm in Albania","description":"Company Formation Albania, Debt Collection Albania, Intellectual Property Albania","publisher":{"@id":"https:\/\/lpalbania.com\/ita\/#organization"},"potentialAction":[{"@type":"SearchAction","target":{"@type":"EntryPoint","urlTemplate":"https:\/\/lpalbania.com\/ita\/?s={search_term_string}"},"query-input":{"@type":"PropertyValueSpecification","valueRequired":true,"valueName":"search_term_string"}}],"inLanguage":"en-US"},{"@type":"Organization","@id":"https:\/\/lpalbania.com\/ita\/#organization","name":"LPA Law Firm in Albania","url":"https:\/\/lpalbania.com\/ita\/","logo":{"@type":"ImageObject","inLanguage":"en-US","@id":"https:\/\/lpalbania.com\/ita\/#\/schema\/logo\/image\/","url":"https:\/\/lpalbania.com\/ita\/wp-content\/uploads\/2020\/10\/favicon-167.png","contentUrl":"https:\/\/lpalbania.com\/ita\/wp-content\/uploads\/2020\/10\/favicon-167.png","width":167,"height":167,"caption":"LPA Law Firm in Albania"},"image":{"@id":"https:\/\/lpalbania.com\/ita\/#\/schema\/logo\/image\/"},"sameAs":["https:\/\/www.facebook.com\/LPALegal","https:\/\/x.com\/LPA_Law_Firm","https:\/\/www.instagram.com\/lpalegal\/?hl=en","https:\/\/www.linkedin.com\/in\/oltjan-hoxholli-86a14b31\/"]}]}},"_links":{"self":[{"href":"https:\/\/lpalbania.com\/ita\/wp-json\/wp\/v2\/pages\/20","targetHints":{"allow":["GET"]}}],"collection":[{"href":"https:\/\/lpalbania.com\/ita\/wp-json\/wp\/v2\/pages"}],"about":[{"href":"https:\/\/lpalbania.com\/ita\/wp-json\/wp\/v2\/types\/page"}],"author":[{"embeddable":true,"href":"https:\/\/lpalbania.com\/ita\/wp-json\/wp\/v2\/users\/1"}],"replies":[{"embeddable":true,"href":"https:\/\/lpalbania.com\/ita\/wp-json\/wp\/v2\/comments?post=20"}],"version-history":[{"count":58,"href":"https:\/\/lpalbania.com\/ita\/wp-json\/wp\/v2\/pages\/20\/revisions"}],"predecessor-version":[{"id":2862,"href":"https:\/\/lpalbania.com\/ita\/wp-json\/wp\/v2\/pages\/20\/revisions\/2862"}],"up":[{"embeddable":true,"href":"https:\/\/lpalbania.com\/ita\/wp-json\/wp\/v2\/pages\/14"}],"wp:attachment":[{"href":"https:\/\/lpalbania.com\/ita\/wp-json\/wp\/v2\/media?parent=20"}],"curies":[{"name":"wp","href":"https:\/\/api.w.org\/{rel}","templated":true}]}}