{"id":24,"date":"2020-03-11T09:01:14","date_gmt":"2020-03-11T09:01:14","guid":{"rendered":"https:\/\/lpalbania.com\/?page_id=24"},"modified":"2021-09-21T13:43:04","modified_gmt":"2021-09-21T13:43:04","slug":"diritto-immobiliare-e-zonizzazione-in-albania","status":"publish","type":"page","link":"https:\/\/lpalbania.com\/ita\/practice\/diritto-immobiliare-e-zonizzazione-in-albania\/","title":{"rendered":"Diritto immobiliare e zonizzazione in Albania"},"content":{"rendered":"<div class=\"fusion-fullwidth fullwidth-box fusion-builder-row-1 fusion-flex-container nonhundred-percent-fullwidth non-hundred-percent-height-scrolling\" style=\"--awb-border-radius-top-left:0px;--awb-border-radius-top-right:0px;--awb-border-radius-bottom-right:0px;--awb-border-radius-bottom-left:0px;--awb-padding-right:0px;--awb-padding-left:0px;--awb-margin-top:150px;--awb-flex-wrap:wrap;\" ><div class=\"fusion-builder-row fusion-row fusion-flex-align-items-flex-start fusion-flex-content-wrap\" style=\"max-width:977.6px;margin-left: calc(-4% \/ 2 );margin-right: calc(-4% \/ 2 );\"><div class=\"fusion-layout-column fusion_builder_column fusion-builder-column-0 fusion_builder_column_2_3 2_3 fusion-flex-column fusion-animated\" style=\"--awb-bg-size:cover;--awb-width-large:66.666666666667%;--awb-margin-top-large:0px;--awb-spacing-right-large:2.88%;--awb-margin-bottom-large:20px;--awb-spacing-left-large:2.88%;--awb-width-medium:100%;--awb-spacing-right-medium:1.92%;--awb-spacing-left-medium:1.92%;--awb-width-small:100%;--awb-spacing-right-small:1.92%;--awb-spacing-left-small:1.92%;\" data-animationType=\"fadeInUp\" data-animationDuration=\"1.0\" data-animationOffset=\"top-into-view\"><div class=\"fusion-column-wrapper fusion-column-has-shadow fusion-flex-justify-content-flex-start fusion-content-layout-column\"><div class=\"fusion-text fusion-text-1\"><h2>Diritto immobiliare e zonizzazione in Albania<\/h2>\n<\/div><\/div><\/div><div class=\"fusion-layout-column fusion_builder_column fusion-builder-column-1 fusion_builder_column_2_3 2_3 fusion-flex-column fusion-animated\" style=\"--awb-bg-size:cover;--awb-width-large:66.666666666667%;--awb-margin-top-large:0px;--awb-spacing-right-large:2.88%;--awb-margin-bottom-large:20px;--awb-spacing-left-large:2.88%;--awb-width-medium:100%;--awb-spacing-right-medium:1.92%;--awb-spacing-left-medium:1.92%;--awb-width-small:100%;--awb-spacing-right-small:1.92%;--awb-spacing-left-small:1.92%;\" data-animationType=\"fadeInUp\" data-animationDuration=\"1.0\" data-animationOffset=\"top-into-view\"><div class=\"fusion-column-wrapper fusion-column-has-shadow fusion-flex-justify-content-flex-start fusion-content-layout-column\"><div class=\"fusion-text fusion-text-2\"><p>Vendite e acquisizioni di beni immobili in Albania<br \/>\nLPA dispone di un team di avvocati specializzati negli aspetti legali di tutti i tipi di immobili (edifici per uffici, centri commerciali, capannoni industriali e centri logistici, hotel, portafogli di immobili residenziali e porti turistici), con know-how specifico negli aspetti legali per essere tenuto presente quando si vendono o acquistano tali propriet\u00e0, nonch\u00e9 nel finanziamento di progetti immobiliari e nella costituzione di garanzie e altre garanzie reali. Inoltre, in qualit\u00e0 di azienda multidisciplinare, siamo in grado di integrare la nostra esperienza specifica del settore con consulenze in altri settori del diritto che possono essere coinvolti (fiscalit\u00e0, lavoro e occupazione, diritto della concorrenza, ecc.).<br \/>\nI professionisti dello Studio forniscono consulenza su processi di vendita competitiva o su operazioni ordinarie di acquisto, vendita e retrolocazione, vendita e acquisizione di edifici in costruzione e accordi di finanziamento a termine, oltre alla regolarizzazione di portafogli immobiliari per la successiva vendita o per massimizzarne il valore.<\/p>\n<p>Sviluppo, costruzione e contratti tecnici<br \/>\nLPA ha una vasta esperienza nella negoziazione di sviluppo, sviluppo delegato, accordi di gestione di progetti e altri contratti relativi a sviluppo immobiliare, costruzione e contratti chiavi in \u200b\u200bmano, contratti con architetti, ingegneri e altri esperti coinvolti nel processo di costruzione, vendita e acquisto fuori piano accordi, contratti di agente immobiliare, ecc. Il nostro team fornisce consulenza anche sul rispetto della legislazione applicabile alla vendita di alloggi da parte dei promotori. Inoltre, forniamo una consulenza esperta sulle strutture legali necessarie per realizzare progetti di sviluppo immobiliare: analisi dei rischi, ottimizzazione fiscale, ecc., Con il necessario supporto offerto dagli altri dipartimenti di uno studio multidisciplinare come il nostro.<\/p>\n<\/div><\/div><\/div><div class=\"fusion-layout-column fusion_builder_column fusion-builder-column-2 fusion_builder_column_1_3 1_3 fusion-flex-column fusion-animated\" style=\"--awb-bg-size:cover;--awb-width-large:33.333333333333%;--awb-margin-top-large:0px;--awb-spacing-right-large:5.76%;--awb-margin-bottom-large:20px;--awb-spacing-left-large:5.76%;--awb-width-medium:100%;--awb-spacing-right-medium:1.92%;--awb-spacing-left-medium:1.92%;--awb-width-small:100%;--awb-spacing-right-small:1.92%;--awb-spacing-left-small:1.92%;\" data-animationType=\"fadeInUp\" data-animationDuration=\"1.0\" data-animationOffset=\"top-into-view\"><div class=\"fusion-column-wrapper fusion-column-has-shadow fusion-flex-justify-content-flex-start fusion-content-layout-column\"><div class=\"fusion-image-element \" style=\"text-align:center;--awb-max-width:;--awb-caption-title-font-family:var(--h2_typography-font-family);--awb-caption-title-font-weight:var(--h2_typography-font-weight);--awb-caption-title-font-style:var(--h2_typography-font-style);--awb-caption-title-size:var(--h2_typography-font-size);--awb-caption-title-transform:var(--h2_typography-text-transform);--awb-caption-title-line-height:var(--h2_typography-line-height);--awb-caption-title-letter-spacing:var(--h2_typography-letter-spacing);\"><span class=\" fusion-imageframe imageframe-none imageframe-1 hover-type-none\"><img decoding=\"async\" width=\"300\" height=\"392\" alt=\"Real Estate &amp; Construction in Albania\" title=\"Real Estate in Albania\" src=\"https:\/\/lpalbania.com\/ita\/wp-content\/uploads\/2021\/05\/12.jpg\" data-orig-src=\"https:\/\/lpalbania.com\/ita\/wp-content\/uploads\/2021\/05\/12.jpg\" class=\"lazyload img-responsive wp-image-1766\" srcset=\"data:image\/svg+xml,%3Csvg%20xmlns%3D%27http%3A%2F%2Fwww.w3.org%2F2000%2Fsvg%27%20width%3D%27300%27%20height%3D%27392%27%20viewBox%3D%270%200%20300%20392%27%3E%3Crect%20width%3D%27300%27%20height%3D%27392%27%20fill-opacity%3D%220%22%2F%3E%3C%2Fsvg%3E\" data-srcset=\"https:\/\/lpalbania.com\/ita\/wp-content\/uploads\/2021\/05\/12-200x261.jpg 200w, https:\/\/lpalbania.com\/ita\/wp-content\/uploads\/2021\/05\/12.jpg 300w\" data-sizes=\"auto\" data-orig-sizes=\"(max-width: 0px) 100vw, (max-width: 0px) 100vw, 300px\" \/><\/span><\/div><div class=\"fusion-image-element \" style=\"--awb-caption-title-font-family:var(--h2_typography-font-family);--awb-caption-title-font-weight:var(--h2_typography-font-weight);--awb-caption-title-font-style:var(--h2_typography-font-style);--awb-caption-title-size:var(--h2_typography-font-size);--awb-caption-title-transform:var(--h2_typography-text-transform);--awb-caption-title-line-height:var(--h2_typography-line-height);--awb-caption-title-letter-spacing:var(--h2_typography-letter-spacing);\"><span class=\" fusion-imageframe imageframe-none imageframe-2 hover-type-none\"><img decoding=\"async\" width=\"300\" height=\"61\" title=\"Awards LPA Law Firm Albania\" src=\"https:\/\/lpalbania.com\/ita\/wp-content\/uploads\/2021\/05\/0.jpg\" data-orig-src=\"https:\/\/lpalbania.com\/ita\/wp-content\/uploads\/2021\/05\/0.jpg\" alt class=\"lazyload img-responsive wp-image-1731\" srcset=\"data:image\/svg+xml,%3Csvg%20xmlns%3D%27http%3A%2F%2Fwww.w3.org%2F2000%2Fsvg%27%20width%3D%27300%27%20height%3D%2761%27%20viewBox%3D%270%200%20300%2061%27%3E%3Crect%20width%3D%27300%27%20height%3D%2761%27%20fill-opacity%3D%220%22%2F%3E%3C%2Fsvg%3E\" data-srcset=\"https:\/\/lpalbania.com\/ita\/wp-content\/uploads\/2021\/05\/0-200x41.jpg 200w, https:\/\/lpalbania.com\/ita\/wp-content\/uploads\/2021\/05\/0.jpg 300w\" data-sizes=\"auto\" data-orig-sizes=\"(max-width: 0px) 100vw, (max-width: 0px) 100vw, 300px\" \/><\/span><\/div><\/div><\/div><div class=\"fusion-layout-column fusion_builder_column fusion-builder-column-3 fusion_builder_column_1_1 1_1 fusion-flex-column fusion-animated\" style=\"--awb-bg-size:cover;--awb-width-large:100%;--awb-margin-top-large:0px;--awb-spacing-right-large:1.92%;--awb-margin-bottom-large:20px;--awb-spacing-left-large:1.92%;--awb-width-medium:100%;--awb-spacing-right-medium:1.92%;--awb-spacing-left-medium:1.92%;--awb-width-small:100%;--awb-spacing-right-small:1.92%;--awb-spacing-left-small:1.92%;\" data-animationType=\"fadeInUp\" data-animationDuration=\"1.0\" data-animationOffset=\"top-into-view\"><div class=\"fusion-column-wrapper fusion-column-has-shadow fusion-flex-justify-content-flex-start fusion-content-layout-column\"><div class=\"fusion-text fusion-text-3\"><p>Contratti di locazione in Albania<br \/>\nI professionisti del dipartimento di diritto immobiliare di LPA negoziano l&#8217;intera gamma di contratti di locazione per tutti i tipi di propriet\u00e0 e locali (edifici a uso misto, unit\u00e0 in centri commerciali, magazzini industriali, centri logistici, uffici, ecc.), Nonch\u00e9 <span style=\"color: #0000ff;\"><a style=\"color: #0000ff;\" href=\"https:\/\/lpalbania.com\/ita\/practice\/tourism-hotels\/\">hotel contratti<\/a><\/span> di locazione e gestione, contratti di gestione immobiliare o contratti di case residenziali per citarne solo alcuni.<\/p>\n<p>Organizzazione di complessi immobiliari in Albania<br \/>\nLPA ha esperienza nell&#8217;analisi di alternative per la realizzazione di sistemi di propriet\u00e0 condominiali e complessi immobiliari in centri commerciali e ricreativi, sviluppi alberghieri, residenziali, ad uso misto e condominiali, nonch\u00e9 nella redazione e negoziazione di tutta la documentazione legale necessaria (bozze di atti per la realizzazione di accordi immobiliari condominiali e di complessi immobiliari, cessazione, fusione e \/ o aggregazione di titolo, nuova costruzione, statuto e regolamento interno, ecc.).<\/p>\n<p><span style=\"color: #ff0000;\">Lo Studio Legale LPA Albania Ltd \u00e8 onorato di essere stato premiato come \u201cStudio Legale Immobiliare dell&#8217;Anno 2020\u201d dal pi\u00f9 prestigioso CORPORATE INT<\/span><\/p>\n<p>Vendite e acquisizioni di propriet\u00e0 immobiliari e societ\u00e0 immobiliari in Albania<br \/>\nSviluppo, costruzione e contratti tecnici in Albania<br \/>\nContratti di locazione in Albania<br \/>\nOrganizzazione di complessi immobiliari in Albania<\/p>\n<\/div><\/div><\/div><\/div><\/div>\n","protected":false},"excerpt":{"rendered":"","protected":false},"author":1,"featured_media":0,"parent":14,"menu_order":0,"comment_status":"closed","ping_status":"closed","template":"100-width.php","meta":{"footnotes":""},"class_list":["post-24","page","type-page","status-publish","hentry"],"yoast_head":"<!-- This site is optimized with the Yoast SEO plugin v27.4 - https:\/\/yoast.com\/product\/yoast-seo-wordpress\/ -->\n<title>Diritto immobiliare e zonizzazione in Albania in Albania - LPA Law Firm in Albania<\/title>\n<meta name=\"description\" content=\"LPA has a team of lawyers specializing in the legal aspects of all kinds of real estate and construction in Albania with specific know-how...\" \/>\n<meta name=\"robots\" content=\"index, follow, max-snippet:-1, max-image-preview:large, max-video-preview:-1\" \/>\n<link rel=\"canonical\" href=\"https:\/\/lpalbania.com\/ita\/practice\/diritto-immobiliare-e-zonizzazione-in-albania\/\" \/>\n<meta property=\"og:locale\" content=\"en_US\" \/>\n<meta property=\"og:type\" content=\"article\" \/>\n<meta property=\"og:title\" content=\"Diritto immobiliare e zonizzazione in Albania in Albania - LPA Law Firm in Albania\" \/>\n<meta property=\"og:description\" content=\"LPA has a team of lawyers specializing in the legal aspects of all kinds of real estate and construction in Albania with specific know-how...\" \/>\n<meta property=\"og:url\" content=\"https:\/\/lpalbania.com\/ita\/practice\/diritto-immobiliare-e-zonizzazione-in-albania\/\" \/>\n<meta property=\"og:site_name\" content=\"LPA Law Firm in Albania\" \/>\n<meta property=\"article:publisher\" content=\"https:\/\/www.facebook.com\/LPALegal\" \/>\n<meta property=\"article:modified_time\" content=\"2021-09-21T13:43:04+00:00\" \/>\n<meta name=\"twitter:card\" content=\"summary_large_image\" \/>\n<meta name=\"twitter:site\" content=\"@LPA_Law_Firm\" \/>\n<meta name=\"twitter:label1\" content=\"Est. reading time\" \/>\n\t<meta name=\"twitter:data1\" content=\"5 minutes\" \/>\n<script type=\"application\/ld+json\" class=\"yoast-schema-graph\">{\"@context\":\"https:\\\/\\\/schema.org\",\"@graph\":[{\"@type\":\"WebPage\",\"@id\":\"https:\\\/\\\/lpalbania.com\\\/ita\\\/practice\\\/diritto-immobiliare-e-zonizzazione-in-albania\\\/\",\"url\":\"https:\\\/\\\/lpalbania.com\\\/ita\\\/practice\\\/diritto-immobiliare-e-zonizzazione-in-albania\\\/\",\"name\":\"Diritto immobiliare e zonizzazione in Albania in Albania - LPA Law Firm in Albania\",\"isPartOf\":{\"@id\":\"https:\\\/\\\/lpalbania.com\\\/ita\\\/#website\"},\"datePublished\":\"2020-03-11T09:01:14+00:00\",\"dateModified\":\"2021-09-21T13:43:04+00:00\",\"description\":\"LPA has a team of lawyers specializing in the legal aspects of all kinds of real estate and construction in Albania with specific know-how...\",\"breadcrumb\":{\"@id\":\"https:\\\/\\\/lpalbania.com\\\/ita\\\/practice\\\/diritto-immobiliare-e-zonizzazione-in-albania\\\/#breadcrumb\"},\"inLanguage\":\"en-US\",\"potentialAction\":[{\"@type\":\"ReadAction\",\"target\":[\"https:\\\/\\\/lpalbania.com\\\/ita\\\/practice\\\/diritto-immobiliare-e-zonizzazione-in-albania\\\/\"]}]},{\"@type\":\"BreadcrumbList\",\"@id\":\"https:\\\/\\\/lpalbania.com\\\/ita\\\/practice\\\/diritto-immobiliare-e-zonizzazione-in-albania\\\/#breadcrumb\",\"itemListElement\":[{\"@type\":\"ListItem\",\"position\":1,\"name\":\"Home\",\"item\":\"https:\\\/\\\/lpalbania.com\\\/ita\\\/\"},{\"@type\":\"ListItem\",\"position\":2,\"name\":\"Practice\",\"item\":\"https:\\\/\\\/lpalbania.com\\\/ita\\\/practice\\\/\"},{\"@type\":\"ListItem\",\"position\":3,\"name\":\"Diritto immobiliare e zonizzazione in Albania\"}]},{\"@type\":\"WebSite\",\"@id\":\"https:\\\/\\\/lpalbania.com\\\/ita\\\/#website\",\"url\":\"https:\\\/\\\/lpalbania.com\\\/ita\\\/\",\"name\":\"LPA Law Firm in Albania\",\"description\":\"Company Formation Albania, Debt Collection Albania, Intellectual Property Albania\",\"publisher\":{\"@id\":\"https:\\\/\\\/lpalbania.com\\\/ita\\\/#organization\"},\"potentialAction\":[{\"@type\":\"SearchAction\",\"target\":{\"@type\":\"EntryPoint\",\"urlTemplate\":\"https:\\\/\\\/lpalbania.com\\\/ita\\\/?s={search_term_string}\"},\"query-input\":{\"@type\":\"PropertyValueSpecification\",\"valueRequired\":true,\"valueName\":\"search_term_string\"}}],\"inLanguage\":\"en-US\"},{\"@type\":\"Organization\",\"@id\":\"https:\\\/\\\/lpalbania.com\\\/ita\\\/#organization\",\"name\":\"LPA Law Firm in Albania\",\"url\":\"https:\\\/\\\/lpalbania.com\\\/ita\\\/\",\"logo\":{\"@type\":\"ImageObject\",\"inLanguage\":\"en-US\",\"@id\":\"https:\\\/\\\/lpalbania.com\\\/ita\\\/#\\\/schema\\\/logo\\\/image\\\/\",\"url\":\"https:\\\/\\\/lpalbania.com\\\/ita\\\/wp-content\\\/uploads\\\/2020\\\/10\\\/favicon-167.png\",\"contentUrl\":\"https:\\\/\\\/lpalbania.com\\\/ita\\\/wp-content\\\/uploads\\\/2020\\\/10\\\/favicon-167.png\",\"width\":167,\"height\":167,\"caption\":\"LPA Law Firm in Albania\"},\"image\":{\"@id\":\"https:\\\/\\\/lpalbania.com\\\/ita\\\/#\\\/schema\\\/logo\\\/image\\\/\"},\"sameAs\":[\"https:\\\/\\\/www.facebook.com\\\/LPALegal\",\"https:\\\/\\\/x.com\\\/LPA_Law_Firm\",\"https:\\\/\\\/www.instagram.com\\\/lpalegal\\\/?hl=en\",\"https:\\\/\\\/www.linkedin.com\\\/in\\\/oltjan-hoxholli-86a14b31\\\/\"]}]}<\/script>\n<!-- \/ Yoast SEO plugin. -->","yoast_head_json":{"title":"Diritto immobiliare e zonizzazione in Albania in Albania - LPA Law Firm in Albania","description":"LPA has a team of lawyers specializing in the legal aspects of all kinds of real estate and construction in Albania with specific know-how...","robots":{"index":"index","follow":"follow","max-snippet":"max-snippet:-1","max-image-preview":"max-image-preview:large","max-video-preview":"max-video-preview:-1"},"canonical":"https:\/\/lpalbania.com\/ita\/practice\/diritto-immobiliare-e-zonizzazione-in-albania\/","og_locale":"en_US","og_type":"article","og_title":"Diritto immobiliare e zonizzazione in Albania in Albania - LPA Law Firm in Albania","og_description":"LPA has a team of lawyers specializing in the legal aspects of all kinds of real estate and construction in Albania with specific know-how...","og_url":"https:\/\/lpalbania.com\/ita\/practice\/diritto-immobiliare-e-zonizzazione-in-albania\/","og_site_name":"LPA Law Firm in Albania","article_publisher":"https:\/\/www.facebook.com\/LPALegal","article_modified_time":"2021-09-21T13:43:04+00:00","twitter_card":"summary_large_image","twitter_site":"@LPA_Law_Firm","twitter_misc":{"Est. reading time":"5 minutes"},"schema":{"@context":"https:\/\/schema.org","@graph":[{"@type":"WebPage","@id":"https:\/\/lpalbania.com\/ita\/practice\/diritto-immobiliare-e-zonizzazione-in-albania\/","url":"https:\/\/lpalbania.com\/ita\/practice\/diritto-immobiliare-e-zonizzazione-in-albania\/","name":"Diritto immobiliare e zonizzazione in Albania in Albania - LPA Law Firm in Albania","isPartOf":{"@id":"https:\/\/lpalbania.com\/ita\/#website"},"datePublished":"2020-03-11T09:01:14+00:00","dateModified":"2021-09-21T13:43:04+00:00","description":"LPA has a team of lawyers specializing in the legal aspects of all kinds of real estate and construction in Albania with specific know-how...","breadcrumb":{"@id":"https:\/\/lpalbania.com\/ita\/practice\/diritto-immobiliare-e-zonizzazione-in-albania\/#breadcrumb"},"inLanguage":"en-US","potentialAction":[{"@type":"ReadAction","target":["https:\/\/lpalbania.com\/ita\/practice\/diritto-immobiliare-e-zonizzazione-in-albania\/"]}]},{"@type":"BreadcrumbList","@id":"https:\/\/lpalbania.com\/ita\/practice\/diritto-immobiliare-e-zonizzazione-in-albania\/#breadcrumb","itemListElement":[{"@type":"ListItem","position":1,"name":"Home","item":"https:\/\/lpalbania.com\/ita\/"},{"@type":"ListItem","position":2,"name":"Practice","item":"https:\/\/lpalbania.com\/ita\/practice\/"},{"@type":"ListItem","position":3,"name":"Diritto immobiliare e zonizzazione in Albania"}]},{"@type":"WebSite","@id":"https:\/\/lpalbania.com\/ita\/#website","url":"https:\/\/lpalbania.com\/ita\/","name":"LPA Law Firm in Albania","description":"Company Formation Albania, Debt Collection Albania, Intellectual Property Albania","publisher":{"@id":"https:\/\/lpalbania.com\/ita\/#organization"},"potentialAction":[{"@type":"SearchAction","target":{"@type":"EntryPoint","urlTemplate":"https:\/\/lpalbania.com\/ita\/?s={search_term_string}"},"query-input":{"@type":"PropertyValueSpecification","valueRequired":true,"valueName":"search_term_string"}}],"inLanguage":"en-US"},{"@type":"Organization","@id":"https:\/\/lpalbania.com\/ita\/#organization","name":"LPA Law Firm in Albania","url":"https:\/\/lpalbania.com\/ita\/","logo":{"@type":"ImageObject","inLanguage":"en-US","@id":"https:\/\/lpalbania.com\/ita\/#\/schema\/logo\/image\/","url":"https:\/\/lpalbania.com\/ita\/wp-content\/uploads\/2020\/10\/favicon-167.png","contentUrl":"https:\/\/lpalbania.com\/ita\/wp-content\/uploads\/2020\/10\/favicon-167.png","width":167,"height":167,"caption":"LPA Law Firm in Albania"},"image":{"@id":"https:\/\/lpalbania.com\/ita\/#\/schema\/logo\/image\/"},"sameAs":["https:\/\/www.facebook.com\/LPALegal","https:\/\/x.com\/LPA_Law_Firm","https:\/\/www.instagram.com\/lpalegal\/?hl=en","https:\/\/www.linkedin.com\/in\/oltjan-hoxholli-86a14b31\/"]}]}},"_links":{"self":[{"href":"https:\/\/lpalbania.com\/ita\/wp-json\/wp\/v2\/pages\/24","targetHints":{"allow":["GET"]}}],"collection":[{"href":"https:\/\/lpalbania.com\/ita\/wp-json\/wp\/v2\/pages"}],"about":[{"href":"https:\/\/lpalbania.com\/ita\/wp-json\/wp\/v2\/types\/page"}],"author":[{"embeddable":true,"href":"https:\/\/lpalbania.com\/ita\/wp-json\/wp\/v2\/users\/1"}],"replies":[{"embeddable":true,"href":"https:\/\/lpalbania.com\/ita\/wp-json\/wp\/v2\/comments?post=24"}],"version-history":[{"count":31,"href":"https:\/\/lpalbania.com\/ita\/wp-json\/wp\/v2\/pages\/24\/revisions"}],"predecessor-version":[{"id":2843,"href":"https:\/\/lpalbania.com\/ita\/wp-json\/wp\/v2\/pages\/24\/revisions\/2843"}],"up":[{"embeddable":true,"href":"https:\/\/lpalbania.com\/ita\/wp-json\/wp\/v2\/pages\/14"}],"wp:attachment":[{"href":"https:\/\/lpalbania.com\/ita\/wp-json\/wp\/v2\/media?parent=24"}],"curies":[{"name":"wp","href":"https:\/\/api.w.org\/{rel}","templated":true}]}}